[INFO] cloning repository https://github.com/Jojoshua/BlockSolve-Rust
[INFO] running `Command { std: "git" "-c" "credential.helper=" "-c" "credential.helper=/workspace/cargo-home/bin/git-credential-null" "clone" "--bare" "https://github.com/Jojoshua/BlockSolve-Rust" "/workspace/cache/git-repos/https%3A%2F%2Fgithub.com%2FJojoshua%2FBlockSolve-Rust", kill_on_drop: false }`
[INFO] [stderr] Cloning into bare repository '/workspace/cache/git-repos/https%3A%2F%2Fgithub.com%2FJojoshua%2FBlockSolve-Rust'...
[INFO] running `Command { std: "git" "rev-parse" "HEAD", kill_on_drop: false }`
[INFO] [stdout] e7ca226ad481e11141c9d10b5f746851d6810057
[INFO] checking Jojoshua/BlockSolve-Rust against master#af3c6e733a40e671550e0f0f5aeecaa13772ba56 for pr-74989
[INFO] running `Command { std: "git" "clone" "/workspace/cache/git-repos/https%3A%2F%2Fgithub.com%2FJojoshua%2FBlockSolve-Rust" "/workspace/builds/worker-1/source", kill_on_drop: false }`
[INFO] [stderr] Cloning into '/workspace/builds/worker-1/source'...
[INFO] [stderr] done.
[INFO] validating manifest of git repo https://github.com/Jojoshua/BlockSolve-Rust on toolchain af3c6e733a40e671550e0f0f5aeecaa13772ba56
[INFO] running `Command { std: "/workspace/cargo-home/bin/cargo" "+af3c6e733a40e671550e0f0f5aeecaa13772ba56" "read-manifest" "--manifest-path" "Cargo.toml", kill_on_drop: false }`
[INFO] started tweaking git repo https://github.com/Jojoshua/BlockSolve-Rust
[INFO] removed path dependency natord from git repo https://github.com/Jojoshua/BlockSolve-Rust
[INFO] removed path dependency xxhash from git repo https://github.com/Jojoshua/BlockSolve-Rust
[INFO] finished tweaking git repo https://github.com/Jojoshua/BlockSolve-Rust
[INFO] tweaked toml for git repo https://github.com/Jojoshua/BlockSolve-Rust written to /workspace/builds/worker-1/source/Cargo.toml
[INFO] crate git repo https://github.com/Jojoshua/BlockSolve-Rust already has a lockfile, it will not be regenerated
[INFO] running `Command { std: "/workspace/cargo-home/bin/cargo" "+af3c6e733a40e671550e0f0f5aeecaa13772ba56" "fetch" "--locked" "--manifest-path" "Cargo.toml", kill_on_drop: false }`
[INFO] [stderr] warning: path `/workspace/builds/worker-1/source/src/BlockSolve.rs` was erroneously implicitly accepted for binary `BlockSolve`,
[INFO] [stderr] please set bin.path in Cargo.toml
[INFO] [stderr] warning: dependency (natord) specified without providing a local path, Git repository, or version to use. This will be considered an error in future versions
[INFO] [stderr] warning: dependency (xxhash) specified without providing a local path, Git repository, or version to use. This will be considered an error in future versions
[INFO] [stderr] warning: profile `doc` is deprecated and has no effect
[INFO] [stderr]     Updating crates.io index
[INFO] [stderr] error: the lock file /workspace/builds/worker-1/source/Cargo.lock needs to be updated but --locked was passed to prevent this
[INFO] [stderr] If you want to try to generate the lock file without accessing the network, use the --offline flag.
[INFO] the lockfile is outdated, regenerating it
[INFO] running `Command { std: "/workspace/cargo-home/bin/cargo" "+af3c6e733a40e671550e0f0f5aeecaa13772ba56" "generate-lockfile" "--manifest-path" "Cargo.toml" "-Zno-index-update", kill_on_drop: false }`
[INFO] running `Command { std: "/workspace/cargo-home/bin/cargo" "+af3c6e733a40e671550e0f0f5aeecaa13772ba56" "fetch" "--locked" "--manifest-path" "Cargo.toml", kill_on_drop: false }`
[INFO] [stderr] warning: path `/workspace/builds/worker-1/source/src/BlockSolve.rs` was erroneously implicitly accepted for binary `BlockSolve`,
[INFO] [stderr] please set bin.path in Cargo.toml
[INFO] [stderr] warning: dependency (natord) specified without providing a local path, Git repository, or version to use. This will be considered an error in future versions
[INFO] [stderr] warning: dependency (xxhash) specified without providing a local path, Git repository, or version to use. This will be considered an error in future versions
[INFO] [stderr] warning: profile `doc` is deprecated and has no effect
[INFO] running `Command { std: "docker" "create" "-v" "/var/lib/crater-agent-workspace/builds/worker-1/target:/opt/rustwide/target:rw,Z" "-v" "/var/lib/crater-agent-workspace/builds/worker-1/source:/opt/rustwide/workdir:ro,Z" "-v" "/var/lib/crater-agent-workspace/cargo-home:/opt/rustwide/cargo-home:ro,Z" "-v" "/var/lib/crater-agent-workspace/rustup-home:/opt/rustwide/rustup-home:ro,Z" "-e" "SOURCE_DIR=/opt/rustwide/workdir" "-e" "CARGO_TARGET_DIR=/opt/rustwide/target" "-e" "CARGO_HOME=/opt/rustwide/cargo-home" "-e" "RUSTUP_HOME=/opt/rustwide/rustup-home" "-w" "/opt/rustwide/workdir" "-m" "1610612736" "--user" "0:0" "--network" "none" "rustops/crates-build-env@sha256:d92eaeed33fa75130ca1ee6c8a01d1ffb62bac859dfdfb3450e3e5d1c0146529" "/opt/rustwide/cargo-home/bin/cargo" "+af3c6e733a40e671550e0f0f5aeecaa13772ba56" "metadata" "--no-deps" "--format-version=1", kill_on_drop: false }`
[INFO] [stdout] 317ed3e625fe8917f9684e9f801df9e0cf71c0a2f6640c4b7de8d353bfb6ed29
[INFO] [stderr] WARNING: Your kernel does not support swap limit capabilities or the cgroup is not mounted. Memory limited without swap.
[INFO] running `Command { std: "docker" "start" "-a" "317ed3e625fe8917f9684e9f801df9e0cf71c0a2f6640c4b7de8d353bfb6ed29", kill_on_drop: false }`
[INFO] running `Command { std: "docker" "inspect" "317ed3e625fe8917f9684e9f801df9e0cf71c0a2f6640c4b7de8d353bfb6ed29", kill_on_drop: false }`
[INFO] running `Command { std: "docker" "rm" "-f" "317ed3e625fe8917f9684e9f801df9e0cf71c0a2f6640c4b7de8d353bfb6ed29", kill_on_drop: false }`
[INFO] [stdout] 317ed3e625fe8917f9684e9f801df9e0cf71c0a2f6640c4b7de8d353bfb6ed29
[INFO] running `Command { std: "docker" "create" "-v" "/var/lib/crater-agent-workspace/builds/worker-1/target:/opt/rustwide/target:rw,Z" "-v" "/var/lib/crater-agent-workspace/builds/worker-1/source:/opt/rustwide/workdir:ro,Z" "-v" "/var/lib/crater-agent-workspace/cargo-home:/opt/rustwide/cargo-home:ro,Z" "-v" "/var/lib/crater-agent-workspace/rustup-home:/opt/rustwide/rustup-home:ro,Z" "-e" "SOURCE_DIR=/opt/rustwide/workdir" "-e" "CARGO_TARGET_DIR=/opt/rustwide/target" "-e" "CARGO_INCREMENTAL=0" "-e" "RUST_BACKTRACE=full" "-e" "RUSTFLAGS=--cap-lints=forbid" "-e" "CARGO_HOME=/opt/rustwide/cargo-home" "-e" "RUSTUP_HOME=/opt/rustwide/rustup-home" "-w" "/opt/rustwide/workdir" "-m" "1610612736" "--user" "0:0" "--network" "none" "rustops/crates-build-env@sha256:d92eaeed33fa75130ca1ee6c8a01d1ffb62bac859dfdfb3450e3e5d1c0146529" "/opt/rustwide/cargo-home/bin/cargo" "+af3c6e733a40e671550e0f0f5aeecaa13772ba56" "check" "--frozen" "--all" "--all-targets" "--message-format=json", kill_on_drop: false }`
[INFO] [stderr] WARNING: Your kernel does not support swap limit capabilities or the cgroup is not mounted. Memory limited without swap.
[INFO] [stdout] 37ec7358114a71f61598ed9c25346b3f448e99548d86b99194431811c73b631b
[INFO] running `Command { std: "docker" "start" "-a" "37ec7358114a71f61598ed9c25346b3f448e99548d86b99194431811c73b631b", kill_on_drop: false }`
[INFO] [stderr] warning: path `/opt/rustwide/workdir/src/BlockSolve.rs` was erroneously implicitly accepted for binary `BlockSolve`,
[INFO] [stderr] please set bin.path in Cargo.toml
[INFO] [stderr] warning: dependency (natord) specified without providing a local path, Git repository, or version to use. This will be considered an error in future versions
[INFO] [stderr] warning: dependency (xxhash) specified without providing a local path, Git repository, or version to use. This will be considered an error in future versions
[INFO] [stderr] warning: profile `doc` is deprecated and has no effect
[INFO] [stderr]     Checking xxhash v0.0.8
[INFO] [stderr]     Checking natord v1.0.9
[INFO] [stdout] error: expected parameter name, found `:`
[INFO] [stdout]    --> /opt/rustwide/cargo-home/registry/src/github.com-1ecc6299db9ec823/xxhash-0.0.8/src/lib.rs:287:18
[INFO] [stdout]     |
[INFO] [stdout] 287 |     let test = |&: size: usize, seed: u64, expected: u64| {
[INFO] [stdout]     |                  ^ expected parameter name
[INFO] [stdout] 
[INFO] [stdout] 
[INFO] [stdout] error: expected parameter name, found `:`
[INFO] [stdout]    --> /opt/rustwide/cargo-home/registry/src/github.com-1ecc6299db9ec823/xxhash-0.0.8/src/lib.rs:338:21
[INFO] [stdout]     |
[INFO] [stdout] 338 |     bench_base(b, |&: v| oneshot(v, 0))
[INFO] [stdout]     |                     ^ expected parameter name
[INFO] [stdout] 
[INFO] [stdout] 
[INFO] [stdout] error: expected parameter name, found `:`
[INFO] [stdout]    --> /opt/rustwide/cargo-home/registry/src/github.com-1ecc6299db9ec823/xxhash-0.0.8/src/xxh32.rs:215:18
[INFO] [stdout]     |
[INFO] [stdout] 215 |     let test = |&: size: usize, seed: u32, expected: u32| {
[INFO] [stdout]     |                  ^ expected parameter name
[INFO] [stdout] 
[INFO] [stdout] 
[INFO] [stdout] error: expected parameter name, found `:`
[INFO] [stdout]    --> /opt/rustwide/cargo-home/registry/src/github.com-1ecc6299db9ec823/xxhash-0.0.8/src/xxh32.rs:240:19
[INFO] [stdout]     |
[INFO] [stdout] 240 |     bench.iter( |&:| f(v.as_slice()) );
[INFO] [stdout]     |                   ^ expected parameter name
[INFO] [stdout] 
[INFO] [stdout] 
[INFO] [stdout] error: expected parameter name, found `:`
[INFO] [stdout]    --> /opt/rustwide/cargo-home/registry/src/github.com-1ecc6299db9ec823/xxhash-0.0.8/src/xxh32.rs:246:17
[INFO] [stdout]     |
[INFO] [stdout] 246 |     test_base(|&: v, seed|{
[INFO] [stdout]     |                 ^ expected parameter name
[INFO] [stdout] 
[INFO] [stdout] 
[INFO] [stdout] error[E0432]: unresolved import `std::num::Int`
[INFO] [stdout]   --> /opt/rustwide/cargo-home/registry/src/github.com-1ecc6299db9ec823/xxhash-0.0.8/src/lib.rs:34:5
[INFO] [stdout]    |
[INFO] [stdout] 34 | use std::num::Int;
[INFO] [stdout]    |     ^^^^^^^^^^^^^ no `Int` in `num`
[INFO] [stdout] 
[INFO] [stdout] 
[INFO] [stdout] error[E0432]: unresolved import `std::raw::Repr`
[INFO] [stdout]   --> /opt/rustwide/cargo-home/registry/src/github.com-1ecc6299db9ec823/xxhash-0.0.8/src/lib.rs:35:16
[INFO] [stdout]    |
[INFO] [stdout] 35 | use std::raw::{Repr};
[INFO] [stdout]    |                ^^^^ no `Repr` in `raw`
[INFO] [stdout] 
[INFO] [stdout] 
[INFO] [stdout] error[E0432]: unresolved import `std::ptr::copy_memory`
[INFO] [stdout]   --> /opt/rustwide/cargo-home/registry/src/github.com-1ecc6299db9ec823/xxhash-0.0.8/src/lib.rs:36:16
[INFO] [stdout]    |
[INFO] [stdout] 36 | use std::ptr::{copy_memory};
[INFO] [stdout]    |                ^^^^^^^^^^^ no `copy_memory` in `ptr`
[INFO] [stdout] 
[INFO] [stdout] 
[INFO] [stdout] error[E0432]: unresolved import `std::hash::Writer`
[INFO] [stdout]   --> /opt/rustwide/cargo-home/registry/src/github.com-1ecc6299db9ec823/xxhash-0.0.8/src/lib.rs:37:31
[INFO] [stdout]    |
[INFO] [stdout] 37 | use std::hash::{Hash, Hasher, Writer};
[INFO] [stdout]    |                               ^^^^^^ no `Writer` in `hash`
[INFO] [stdout] 
[INFO] [stdout] 
[INFO] [stdout] error[E0432]: unresolved import `std::num::Int`
[INFO] [stdout]  --> /opt/rustwide/cargo-home/registry/src/github.com-1ecc6299db9ec823/xxhash-0.0.8/src/xxh32.rs:2:5
[INFO] [stdout]   |
[INFO] [stdout] 2 | use std::num::Int;
[INFO] [stdout]   |     ^^^^^^^^^^^^^ no `Int` in `num`
[INFO] [stdout] 
[INFO] [stdout] 
[INFO] [stdout] error[E0432]: unresolved import `std::raw::Repr`
[INFO] [stdout]  --> /opt/rustwide/cargo-home/registry/src/github.com-1ecc6299db9ec823/xxhash-0.0.8/src/xxh32.rs:3:16
[INFO] [stdout]   |
[INFO] [stdout] 3 | use std::raw::{Repr};
[INFO] [stdout]   |                ^^^^ no `Repr` in `raw`
[INFO] [stdout] 
[INFO] [stdout] 
[INFO] [stdout] error[E0432]: unresolved import `std::ptr::copy_memory`
[INFO] [stdout]  --> /opt/rustwide/cargo-home/registry/src/github.com-1ecc6299db9ec823/xxhash-0.0.8/src/xxh32.rs:4:16
[INFO] [stdout]   |
[INFO] [stdout] 4 | use std::ptr::{copy_memory};
[INFO] [stdout]   |                ^^^^^^^^^^^ no `copy_memory` in `ptr`
[INFO] [stdout] 
[INFO] [stdout] 
[INFO] [stdout] error[E0432]: unresolved import `std::hash::Writer`
[INFO] [stdout]  --> /opt/rustwide/cargo-home/registry/src/github.com-1ecc6299db9ec823/xxhash-0.0.8/src/xxh32.rs:5:31
[INFO] [stdout]   |
[INFO] [stdout] 5 | use std::hash::{Hash, Hasher, Writer};
[INFO] [stdout]   |                               ^^^^^^ no `Writer` in `hash`
[INFO] [stdout] 
[INFO] [stdout] 
[INFO] [stdout] error[E0437]: type `Output` is not a member of trait `Hasher`
[INFO] [stdout]    --> /opt/rustwide/cargo-home/registry/src/github.com-1ecc6299db9ec823/xxhash-0.0.8/src/xxh32.rs:131:5
[INFO] [stdout]     |
[INFO] [stdout] 131 |     type Output = u32;
[INFO] [stdout]     |     ^^^^^^^^^^^^^^^^^^ not a member of trait `Hasher`
[INFO] [stdout] 
[INFO] [stdout] 
[INFO] [stdout] error[E0407]: method `reset` is not a member of trait `Hasher`
[INFO] [stdout]    --> /opt/rustwide/cargo-home/registry/src/github.com-1ecc6299db9ec823/xxhash-0.0.8/src/xxh32.rs:133:5
[INFO] [stdout]     |
[INFO] [stdout] 133 | /     fn reset(&mut self) { #![inline]
[INFO] [stdout] 134 | |         self.v1 = self.seed + PRIME1 + PRIME2;
[INFO] [stdout] 135 | |         self.v2 = self.seed + PRIME2;
[INFO] [stdout] 136 | |         self.v3 = self.seed;
[INFO] [stdout] ...   |
[INFO] [stdout] 139 | |         self.memsize = 0;
[INFO] [stdout] 140 | |     }
[INFO] [stdout]     | |_____^ not a member of trait `Hasher`
[INFO] [stdout] 
[INFO] [stdout] 
[INFO] [stdout] error[E0437]: type `Output` is not a member of trait `Hasher`
[INFO] [stdout]    --> /opt/rustwide/cargo-home/registry/src/github.com-1ecc6299db9ec823/xxhash-0.0.8/src/lib.rs:181:5
[INFO] [stdout]     |
[INFO] [stdout] 181 |     type Output = u64;
[INFO] [stdout]     |     ^^^^^^^^^^^^^^^^^^ not a member of trait `Hasher`
[INFO] [stdout] 
[INFO] [stdout] 
[INFO] [stdout] error[E0407]: method `reset` is not a member of trait `Hasher`
[INFO] [stdout]    --> /opt/rustwide/cargo-home/registry/src/github.com-1ecc6299db9ec823/xxhash-0.0.8/src/lib.rs:184:5
[INFO] [stdout]     |
[INFO] [stdout] 184 | /     fn reset(&mut self) { #![inline]
[INFO] [stdout] 185 | |         self.v1 = self.seed + PRIME1 + PRIME2;
[INFO] [stdout] 186 | |         self.v2 = self.seed + PRIME2;
[INFO] [stdout] 187 | |         self.v3 = self.seed;
[INFO] [stdout] ...   |
[INFO] [stdout] 190 | |         self.memsize = 0;
[INFO] [stdout] 191 | |     }
[INFO] [stdout]     | |_____^ not a member of trait `Hasher`
[INFO] [stdout] 
[INFO] [stdout] 
[INFO] [stdout] error[E0412]: cannot find type `int` in this scope
[INFO] [stdout]   --> /opt/rustwide/cargo-home/registry/src/github.com-1ecc6299db9ec823/xxhash-0.0.8/src/xxh32.rs:63:59
[INFO] [stdout]    |
[INFO] [stdout] 63 |             let dst: *mut u8 = mem.offset(self.memsize as int);
[INFO] [stdout]    |                                                           ^^^ not found in this scope
[INFO] [stdout] 
[INFO] [stdout] 
[INFO] [stdout] error[E0412]: cannot find type `int` in this scope
[INFO] [stdout]   --> /opt/rustwide/cargo-home/registry/src/github.com-1ecc6299db9ec823/xxhash-0.0.8/src/xxh32.rs:72:59
[INFO] [stdout]    |
[INFO] [stdout] 72 |             let dst: *mut u8 = mem.offset(self.memsize as int);
[INFO] [stdout]    |                                                           ^^^ not found in this scope
[INFO] [stdout] 
[INFO] [stdout] 
[INFO] [stdout] error[E0412]: cannot find type `int` in this scope
[INFO] [stdout]   --> /opt/rustwide/cargo-home/registry/src/github.com-1ecc6299db9ec823/xxhash-0.0.8/src/xxh32.rs:96:40
[INFO] [stdout]    |
[INFO] [stdout] 96 |             data = data.offset(bump as int);
[INFO] [stdout]    |                                        ^^^ not found in this scope
[INFO] [stdout] 
[INFO] [stdout] 
[INFO] [stdout] error[E0412]: cannot find type `int` in this scope
[INFO] [stdout]    --> /opt/rustwide/cargo-home/registry/src/github.com-1ecc6299db9ec823/xxhash-0.0.8/src/lib.rs:103:59
[INFO] [stdout]     |
[INFO] [stdout] 103 |             let dst: *mut u8 = mem.offset(self.memsize as int);
[INFO] [stdout]     |                                                           ^^^ not found in this scope
[INFO] [stdout] 
[INFO] [stdout] 
[INFO] [stdout] error[E0412]: cannot find type `int` in this scope
[INFO] [stdout]    --> /opt/rustwide/cargo-home/registry/src/github.com-1ecc6299db9ec823/xxhash-0.0.8/src/lib.rs:112:59
[INFO] [stdout]     |
[INFO] [stdout] 112 |             let dst: *mut u8 = mem.offset(self.memsize as int);
[INFO] [stdout]     |                                                           ^^^ not found in this scope
[INFO] [stdout] 
[INFO] [stdout] 
[INFO] [stdout] error[E0412]: cannot find type `int` in this scope
[INFO] [stdout]    --> /opt/rustwide/cargo-home/registry/src/github.com-1ecc6299db9ec823/xxhash-0.0.8/src/lib.rs:141:40
[INFO] [stdout]     |
[INFO] [stdout] 141 |             data = data.offset(bump as int);
[INFO] [stdout]     |                                        ^^^ not found in this scope
[INFO] [stdout] 
[INFO] [stdout] 
[INFO] [stdout] error: aborting due to 23 previous errors
[INFO] [stdout] 
[INFO] [stdout] 
[INFO] [stdout] Some errors have detailed explanations: E0407, E0412, E0432, E0437.
[INFO] [stdout] 
[INFO] [stdout] For more information about an error, try `rustc --explain E0407`.
[INFO] [stdout] 
[INFO] [stderr] error: could not compile `xxhash`.
[INFO] [stderr] 
[INFO] [stderr] To learn more, run the command again with --verbose.
[INFO] [stderr] warning: build failed, waiting for other jobs to finish...
[INFO] [stderr] error: build failed
[INFO] running `Command { std: "docker" "inspect" "37ec7358114a71f61598ed9c25346b3f448e99548d86b99194431811c73b631b", kill_on_drop: false }`
[INFO] running `Command { std: "docker" "rm" "-f" "37ec7358114a71f61598ed9c25346b3f448e99548d86b99194431811c73b631b", kill_on_drop: false }`
[INFO] [stdout] 37ec7358114a71f61598ed9c25346b3f448e99548d86b99194431811c73b631b
